{"id":468,"date":"2021-01-19T20:14:53","date_gmt":"2021-01-19T20:14:53","guid":{"rendered":"http:\/\/videle.com.mx\/?page_id=468"},"modified":"2022-11-30T21:17:36","modified_gmt":"2022-11-30T21:17:36","slug":"dijes","status":"publish","type":"page","link":"https:\/\/videle.com.mx\/?page_id=468","title":{"rendered":"DIJES"},"content":{"rendered":"\t\t<div data-elementor-type=\"wp-page\" data-elementor-id=\"468\" class=\"elementor elementor-468\">\n\t\t\t\t\t\t<div class=\"elementor-inner\">\n\t\t\t\t<div class=\"elementor-section-wrap\">\n\t\t\t\t\t\t\t\t\t<div class=\"elementor-section elementor-top-section elementor-element elementor-element-0d2002b elementor-section-boxed elementor-section-height-default elementor-section-height-default\" data-id=\"0d2002b\" data-element_type=\"section\" data-settings=\"{&quot;background_background&quot;:&quot;classic&quot;}\">\n\t\t\t\t\t\t\t<div class=\"elementor-background-overlay\"><\/div>\n\t\t\t\t\t\t\t<div class=\"elementor-container elementor-column-gap-default\">\n\t\t\t\t\t\t\t<div class=\"elementor-row\">\n\t\t\t\t\t<div class=\"elementor-column elementor-col-100 elementor-top-column elementor-element elementor-element-208d3e3\" data-id=\"208d3e3\" data-element_type=\"column\" data-settings=\"{&quot;background_background&quot;:&quot;classic&quot;}\">\n\t\t\t<div class=\"elementor-column-wrap elementor-element-populated\">\n\t\t\t\t\t<div class=\"elementor-background-overlay\"><\/div>\n\t\t\t\t\t\t\t<div class=\"elementor-widget-wrap\">\n\t\t\t\t\t\t<div class=\"elementor-element elementor-element-004afe5 elementor-widget elementor-widget-heading\" data-id=\"004afe5\" data-element_type=\"widget\" data-widget_type=\"heading.default\">\n\t\t\t\t<div class=\"elementor-widget-container\">\n\t\t\t<h2 class=\"elementor-heading-title elementor-size-default\">DIJES<\/h2>\t\t<\/div>\n\t\t\t\t<\/div>\n\t\t\t\t<div class=\"elementor-element elementor-element-4c16bcd elementor-widget-divider--view-line elementor-widget elementor-widget-divider\" data-id=\"4c16bcd\" data-element_type=\"widget\" data-widget_type=\"divider.default\">\n\t\t\t\t<div class=\"elementor-widget-container\">\n\t\t\t\t\t<div class=\"elementor-divider\">\n\t\t\t<span class=\"elementor-divider-separator\">\n\t\t\t\t\t\t<\/span>\n\t\t<\/div>\n\t\t\t\t<\/div>\n\t\t\t\t<\/div>\n\t\t\t\t\t\t<\/div>\n\t\t\t\t\t<\/div>\n\t\t<\/div>\n\t\t\t\t\t\t\t\t<\/div>\n\t\t\t\t\t<\/div>\n\t\t<\/div>\n\t\t\t\t<div class=\"elementor-section elementor-top-section elementor-element elementor-element-afa68db elementor-section-boxed elementor-section-height-default elementor-section-height-default\" data-id=\"afa68db\" data-element_type=\"section\">\n\t\t\t\t\t\t<div class=\"elementor-container elementor-column-gap-default\">\n\t\t\t\t\t\t\t<div class=\"elementor-row\">\n\t\t\t\t\t<div class=\"elementor-column elementor-col-100 elementor-top-column elementor-element elementor-element-8e007fe\" data-id=\"8e007fe\" data-element_type=\"column\">\n\t\t\t<div class=\"elementor-column-wrap elementor-element-populated\">\n\t\t\t\t\t\t\t<div class=\"elementor-widget-wrap\">\n\t\t\t\t\t\t<div class=\"elementor-element elementor-element-59d4fb1 elementor-widget elementor-widget-bdt-wc-products\" data-id=\"59d4fb1\" data-element_type=\"widget\" data-widget_type=\"bdt-wc-products.default\">\n\t\t\t\t<div class=\"elementor-widget-container\">\n\t\t\t\t\t<div class=\"bdt-wc-products bdt-wc-products-skin-default\" >\r\n\r\n\t\t\t\t\t<div bdt-grid=\"\" class=\"bdt-wc-products-wrapper bdt-grid bdt-grid-medium bdt-child-width-1- bdt-child-width-1-@s bdt-child-width-1-4@m\" id=\"bdt-wc-product-59d4fb1\">\r\n\t\t\t\t\t\t\t\r\n\t\t\t\t\r\n\t\t  \t\t<div class=\"bdt-wc-product\">\r\n\t\t  \t\t\t<div class=\"bdt-wc-product-inner\">\r\n\r\n                        \r\n\t\t               \t\t<div class=\"bdt-wc-product-image bdt-position-relative bdt-background-cover\">\r\n\t\t\t<a href=\"https:\/\/videle.com.mx\/?product=cadena-grande\">\r\n\t\t\t\t<img decoding=\"async\" src=\"https:\/\/videle.com.mx\/wp-content\/uploads\/2022\/09\/CLOSE-UP-CADENA-GRANDE-600x600.jpg\" alt=\"Cadena Grande\">\r\n\t\t\t<\/a>\r\n\r\n        \t            \t<div class=\"bdt-wc-add-to-cart \">\r\n\t\t\t\t\t<a href=\"?add-to-cart=1091\" data-quantity=\"1\" class=\"la-addcart button wp-element-button product_type_simple add_to_cart_button ajax_add_to_cart\" data-product_id=\"1091\" data-product_sku=\"CD02\" aria-label=\"A\u00f1ade &ldquo;Cadena Grande&rdquo; a tu carrito\" rel=\"nofollow\" data-product_title=\"Cadena Grande\" title=\"A\u00f1adir al carrito\"><span class=\"labtn-icon labtn-icon-cart\"><\/span><span class=\"labtn-text\" title=\"A\u00f1adir al carrito\">A\u00f1adir al carrito<\/span><\/a>\t\t\t\t<\/div>\r\n\t\t\t\t\t<\/div>\r\n\t\t\r\n\t\t\t\t\t   \r\n\t           \t\t\t<div class=\"bdt-wc-product-desc\">\r\n\t\t               \t\t\t\t\t           \t\t\t<h2 class=\"bdt-wc-product-title\">\r\n\t\t\t           \t\t\t\t<a href=\"https:\/\/videle.com.mx\/?product=cadena-grande\" class=\"bdt-link-reset\">\r\n\t\t\t\t\t\t               Cadena Grande\t\t\t\t\t\t           <\/a>\r\n\t\t\t\t               <\/h2>\r\n\t\t\t\t            \r\n\t\t           \t\t\t\t\t\t               \t\t\t\t\t\t           \t\t\t<span class=\"bdt-wc-product-price\">\r\n\t\t\t\t\t\t\t\t\t\t<div class=\"single-price-wrapper\"><p class=\"price\"><span class=\"woocommerce-Price-amount amount\"><bdi><span class=\"woocommerce-Price-currencySymbol\">&#36;<\/span>750.00<\/bdi><\/span><\/p><\/div>\t\t\t\t\t\t\t\t\t<\/span>\r\n\t\t\t\t\t            \t\t\t\t\t\t               \r\n\t\t\t\t               \t\t                \t\t\t\t\t\t\t<\/div>\r\n\r\n\t\t\t\t\t<\/div>\r\n\t\t\t\t<\/div>\r\n\t\t\t\t\t\t\t\r\n\t\t\t\t\r\n\t\t  \t\t<div class=\"bdt-wc-product\">\r\n\t\t  \t\t\t<div class=\"bdt-wc-product-inner\">\r\n\r\n                        \r\n\t\t               \t\t<div class=\"bdt-wc-product-image bdt-position-relative bdt-background-cover\">\r\n\t\t\t<a href=\"https:\/\/videle.com.mx\/?product=cadena-chica\">\r\n\t\t\t\t<img decoding=\"async\" src=\"https:\/\/videle.com.mx\/wp-content\/uploads\/2022\/09\/CLOSE-UP-CADENA-CHICA1-600x600.jpg\" alt=\"Cadena Chica\">\r\n\t\t\t<\/a>\r\n\r\n        \t            \t<div class=\"bdt-wc-add-to-cart \">\r\n\t\t\t\t\t<a href=\"?add-to-cart=1089\" data-quantity=\"1\" class=\"la-addcart button wp-element-button product_type_simple add_to_cart_button ajax_add_to_cart\" data-product_id=\"1089\" data-product_sku=\"CD01\" aria-label=\"A\u00f1ade &ldquo;Cadena Chica&rdquo; a tu carrito\" rel=\"nofollow\" data-product_title=\"Cadena Chica\" title=\"A\u00f1adir al carrito\"><span class=\"labtn-icon labtn-icon-cart\"><\/span><span class=\"labtn-text\" title=\"A\u00f1adir al carrito\">A\u00f1adir al carrito<\/span><\/a>\t\t\t\t<\/div>\r\n\t\t\t\t\t<\/div>\r\n\t\t\r\n\t\t\t\t\t   \r\n\t           \t\t\t<div class=\"bdt-wc-product-desc\">\r\n\t\t               \t\t\t\t\t           \t\t\t<h2 class=\"bdt-wc-product-title\">\r\n\t\t\t           \t\t\t\t<a href=\"https:\/\/videle.com.mx\/?product=cadena-chica\" class=\"bdt-link-reset\">\r\n\t\t\t\t\t\t               Cadena Chica\t\t\t\t\t\t           <\/a>\r\n\t\t\t\t               <\/h2>\r\n\t\t\t\t            \r\n\t\t           \t\t\t\t\t\t               \t\t\t\t\t\t           \t\t\t<span class=\"bdt-wc-product-price\">\r\n\t\t\t\t\t\t\t\t\t\t<div class=\"single-price-wrapper\"><p class=\"price\"><span class=\"woocommerce-Price-amount amount\"><bdi><span class=\"woocommerce-Price-currencySymbol\">&#36;<\/span>320.00<\/bdi><\/span><\/p><\/div>\t\t\t\t\t\t\t\t\t<\/span>\r\n\t\t\t\t\t            \t\t\t\t\t\t               \r\n\t\t\t\t               \t\t                \t\t\t\t\t\t\t<\/div>\r\n\r\n\t\t\t\t\t<\/div>\r\n\t\t\t\t<\/div>\r\n\t\t\t\t\t\t\t\r\n\t\t\t\t\r\n\t\t  \t\t<div class=\"bdt-wc-product\">\r\n\t\t  \t\t\t<div class=\"bdt-wc-product-inner\">\r\n\r\n                        \r\n\t\t               \t\t<div class=\"bdt-wc-product-image bdt-position-relative bdt-background-cover\">\r\n\t\t\t<a href=\"https:\/\/videle.com.mx\/?product=dije-luneta-2\">\r\n\t\t\t\t<img decoding=\"async\" src=\"https:\/\/videle.com.mx\/wp-content\/uploads\/2022\/09\/FRENTE-collar-luneta-600x600.jpg\" alt=\"Dije Luneta\">\r\n\t\t\t<\/a>\r\n\r\n        \t            \t<div class=\"bdt-wc-add-to-cart \">\r\n\t\t\t\t\t<a href=\"?add-to-cart=1078\" data-quantity=\"1\" class=\"la-addcart button wp-element-button product_type_simple add_to_cart_button ajax_add_to_cart\" data-product_id=\"1078\" data-product_sku=\"C01\" aria-label=\"A\u00f1ade &ldquo;Dije Luneta&rdquo; a tu carrito\" rel=\"nofollow\" data-product_title=\"Dije Luneta\" title=\"A\u00f1adir al carrito\"><span class=\"labtn-icon labtn-icon-cart\"><\/span><span class=\"labtn-text\" title=\"A\u00f1adir al carrito\">A\u00f1adir al carrito<\/span><\/a>\t\t\t\t<\/div>\r\n\t\t\t\t\t<\/div>\r\n\t\t\r\n\t\t\t\t\t   \r\n\t           \t\t\t<div class=\"bdt-wc-product-desc\">\r\n\t\t               \t\t\t\t\t           \t\t\t<h2 class=\"bdt-wc-product-title\">\r\n\t\t\t           \t\t\t\t<a href=\"https:\/\/videle.com.mx\/?product=dije-luneta-2\" class=\"bdt-link-reset\">\r\n\t\t\t\t\t\t               Dije Luneta\t\t\t\t\t\t           <\/a>\r\n\t\t\t\t               <\/h2>\r\n\t\t\t\t            \r\n\t\t           \t\t\t\t\t\t               \t\t\t\t\t\t           \t\t\t<span class=\"bdt-wc-product-price\">\r\n\t\t\t\t\t\t\t\t\t\t<div class=\"single-price-wrapper\"><p class=\"price\"><span class=\"woocommerce-Price-amount amount\"><bdi><span class=\"woocommerce-Price-currencySymbol\">&#36;<\/span>850.00<\/bdi><\/span><\/p><\/div>\t\t\t\t\t\t\t\t\t<\/span>\r\n\t\t\t\t\t            \t\t\t\t\t\t               \r\n\t\t\t\t               \t\t                \t\t\t\t\t\t\t<\/div>\r\n\r\n\t\t\t\t\t<\/div>\r\n\t\t\t\t<\/div>\r\n\t\t\t\t\t\t\t\r\n\t\t\t\t\r\n\t\t  \t\t<div class=\"bdt-wc-product\">\r\n\t\t  \t\t\t<div class=\"bdt-wc-product-inner\">\r\n\r\n                        \r\n\t\t               \t\t<div class=\"bdt-wc-product-image bdt-position-relative bdt-background-cover\">\r\n\t\t\t<a href=\"https:\/\/videle.com.mx\/?product=dije-espiral\">\r\n\t\t\t\t<img decoding=\"async\" src=\"https:\/\/videle.com.mx\/wp-content\/uploads\/2022\/09\/FRENTE-collar-espiral-600x600.jpg\" alt=\"Dije Espiral\">\r\n\t\t\t<\/a>\r\n\r\n        \t            \t<div class=\"bdt-wc-add-to-cart \">\r\n\t\t\t\t\t<a href=\"?add-to-cart=1059\" data-quantity=\"1\" class=\"la-addcart button wp-element-button product_type_simple add_to_cart_button ajax_add_to_cart\" data-product_id=\"1059\" data-product_sku=\"C02\" aria-label=\"A\u00f1ade &ldquo;Dije Espiral&rdquo; a tu carrito\" rel=\"nofollow\" data-product_title=\"Dije Espiral\" title=\"A\u00f1adir al carrito\"><span class=\"labtn-icon labtn-icon-cart\"><\/span><span class=\"labtn-text\" title=\"A\u00f1adir al carrito\">A\u00f1adir al carrito<\/span><\/a>\t\t\t\t<\/div>\r\n\t\t\t\t\t<\/div>\r\n\t\t\r\n\t\t\t\t\t   \r\n\t           \t\t\t<div class=\"bdt-wc-product-desc\">\r\n\t\t               \t\t\t\t\t           \t\t\t<h2 class=\"bdt-wc-product-title\">\r\n\t\t\t           \t\t\t\t<a href=\"https:\/\/videle.com.mx\/?product=dije-espiral\" class=\"bdt-link-reset\">\r\n\t\t\t\t\t\t               Dije Espiral\t\t\t\t\t\t           <\/a>\r\n\t\t\t\t               <\/h2>\r\n\t\t\t\t            \r\n\t\t           \t\t\t\t\t\t               \t\t\t\t\t\t           \t\t\t<span class=\"bdt-wc-product-price\">\r\n\t\t\t\t\t\t\t\t\t\t<div class=\"single-price-wrapper\"><p class=\"price\"><span class=\"woocommerce-Price-amount amount\"><bdi><span class=\"woocommerce-Price-currencySymbol\">&#36;<\/span>600.00<\/bdi><\/span><\/p><\/div>\t\t\t\t\t\t\t\t\t<\/span>\r\n\t\t\t\t\t            \t\t\t\t\t\t               \r\n\t\t\t\t               \t\t                \t\t\t\t\t\t\t<\/div>\r\n\r\n\t\t\t\t\t<\/div>\r\n\t\t\t\t<\/div>\r\n\t\t\t\t\t\t<\/div>\r\n\t\t\t\t\t\t\t<div class=\"ep-pagination\">\r\n\t\t\t\t\t<ul class=\"bdt-pagination bdt-flex-center\">\n<li class=\"bdt-active\"><a href=\"https:\/\/videle.com.mx\/index.php?rest_route=%2Fwp%2Fv2%2Fpages%2F468\">1<\/a><\/li>\n<\/ul>\n\t\t\t\t<\/div>\r\n\t\t\t\t        \r\n\t\t<\/div>\r\n\t\t\t\t<\/div>\n\t\t\t\t<\/div>\n\t\t\t\t\t\t<\/div>\n\t\t\t\t\t<\/div>\n\t\t<\/div>\n\t\t\t\t\t\t\t\t<\/div>\n\t\t\t\t\t<\/div>\n\t\t<\/div>\n\t\t\t\t\t\t\t\t\t<\/div>\n\t\t\t<\/div>\n\t\t\t\t\t<\/div>\n\t\t","protected":false},"excerpt":{"rendered":"<p>DIJES A\u00f1adir al carrito Cadena Grande $750.00 A\u00f1adir al carrito Cadena Chica $320.00 A\u00f1adir al carrito Dije Luneta $850.00 A\u00f1adir al carrito Dije Espiral $500.00 1<\/p>\n","protected":false},"author":1,"featured_media":0,"parent":0,"menu_order":0,"comment_status":"closed","ping_status":"closed","template":"elementor_header_footer","meta":[],"_links":{"self":[{"href":"https:\/\/videle.com.mx\/index.php?rest_route=\/wp\/v2\/pages\/468"}],"collection":[{"href":"https:\/\/videle.com.mx\/index.php?rest_route=\/wp\/v2\/pages"}],"about":[{"href":"https:\/\/videle.com.mx\/index.php?rest_route=\/wp\/v2\/types\/page"}],"author":[{"embeddable":true,"href":"https:\/\/videle.com.mx\/index.php?rest_route=\/wp\/v2\/users\/1"}],"replies":[{"embeddable":true,"href":"https:\/\/videle.com.mx\/index.php?rest_route=%2Fwp%2Fv2%2Fcomments&post=468"}],"version-history":[{"count":119,"href":"https:\/\/videle.com.mx\/index.php?rest_route=\/wp\/v2\/pages\/468\/revisions"}],"predecessor-version":[{"id":5617,"href":"https:\/\/videle.com.mx\/index.php?rest_route=\/wp\/v2\/pages\/468\/revisions\/5617"}],"wp:attachment":[{"href":"https:\/\/videle.com.mx\/index.php?rest_route=%2Fwp%2Fv2%2Fmedia&parent=468"}],"curies":[{"name":"wp","href":"https:\/\/api.w.org\/{rel}","templated":true}]}}