{"id":470,"date":"2021-01-19T20:15:35","date_gmt":"2021-01-19T20:15:35","guid":{"rendered":"http:\/\/videle.com.mx\/?page_id=470"},"modified":"2022-11-30T20:05:01","modified_gmt":"2022-11-30T20:05:01","slug":"aretes-2","status":"publish","type":"page","link":"https:\/\/videle.com.mx\/?page_id=470","title":{"rendered":"ARETES"},"content":{"rendered":"\t\t<div data-elementor-type=\"wp-page\" data-elementor-id=\"470\" class=\"elementor elementor-470\">\n\t\t\t\t\t\t<div class=\"elementor-inner\">\n\t\t\t\t<div class=\"elementor-section-wrap\">\n\t\t\t\t\t\t\t\t\t<div class=\"elementor-section elementor-top-section elementor-element elementor-element-ffe7469 elementor-section-boxed elementor-section-height-default elementor-section-height-default\" data-id=\"ffe7469\" data-element_type=\"section\" data-settings=\"{&quot;background_background&quot;:&quot;classic&quot;}\">\n\t\t\t\t\t\t\t<div class=\"elementor-background-overlay\"><\/div>\n\t\t\t\t\t\t\t<div class=\"elementor-container elementor-column-gap-default\">\n\t\t\t\t\t\t\t<div class=\"elementor-row\">\n\t\t\t\t\t<div class=\"elementor-column elementor-col-100 elementor-top-column elementor-element elementor-element-528f955\" data-id=\"528f955\" data-element_type=\"column\" data-settings=\"{&quot;background_background&quot;:&quot;classic&quot;}\">\n\t\t\t<div class=\"elementor-column-wrap elementor-element-populated\">\n\t\t\t\t\t<div class=\"elementor-background-overlay\"><\/div>\n\t\t\t\t\t\t\t<div class=\"elementor-widget-wrap\">\n\t\t\t\t\t\t<div class=\"elementor-element elementor-element-92869c7 elementor-widget elementor-widget-heading\" data-id=\"92869c7\" data-element_type=\"widget\" data-widget_type=\"heading.default\">\n\t\t\t\t<div class=\"elementor-widget-container\">\n\t\t\t<h2 class=\"elementor-heading-title elementor-size-default\">ARETES<\/h2>\t\t<\/div>\n\t\t\t\t<\/div>\n\t\t\t\t<div class=\"elementor-element elementor-element-a0f97ec elementor-widget-divider--view-line elementor-widget elementor-widget-divider\" data-id=\"a0f97ec\" data-element_type=\"widget\" data-widget_type=\"divider.default\">\n\t\t\t\t<div class=\"elementor-widget-container\">\n\t\t\t\t\t<div class=\"elementor-divider\">\n\t\t\t<span class=\"elementor-divider-separator\">\n\t\t\t\t\t\t<\/span>\n\t\t<\/div>\n\t\t\t\t<\/div>\n\t\t\t\t<\/div>\n\t\t\t\t\t\t<\/div>\n\t\t\t\t\t<\/div>\n\t\t<\/div>\n\t\t\t\t\t\t\t\t<\/div>\n\t\t\t\t\t<\/div>\n\t\t<\/div>\n\t\t\t\t<div class=\"elementor-section elementor-top-section elementor-element elementor-element-877df73 elementor-section-boxed elementor-section-height-default elementor-section-height-default\" data-id=\"877df73\" data-element_type=\"section\">\n\t\t\t\t\t\t<div class=\"elementor-container elementor-column-gap-default\">\n\t\t\t\t\t\t\t<div class=\"elementor-row\">\n\t\t\t\t\t<div class=\"elementor-column elementor-col-100 elementor-top-column elementor-element elementor-element-d1e8174\" data-id=\"d1e8174\" data-element_type=\"column\">\n\t\t\t<div class=\"elementor-column-wrap elementor-element-populated\">\n\t\t\t\t\t\t\t<div class=\"elementor-widget-wrap\">\n\t\t\t\t\t\t<div class=\"elementor-element elementor-element-7d431f9 elementor-widget elementor-widget-bdt-wc-products\" data-id=\"7d431f9\" data-element_type=\"widget\" data-widget_type=\"bdt-wc-products.default\">\n\t\t\t\t<div class=\"elementor-widget-container\">\n\t\t\t\t\t<div class=\"bdt-wc-products bdt-wc-products-skin-default\" >\r\n\r\n\t\t\t\t\t<div bdt-grid=\"\" class=\"bdt-wc-products-wrapper bdt-grid bdt-grid-medium bdt-child-width-1- bdt-child-width-1-@s bdt-child-width-1-4@m\" id=\"bdt-wc-product-7d431f9\">\r\n\t\t\t\t\t\t\t\r\n\t\t\t\t\r\n\t\t  \t\t<div class=\"bdt-wc-product\">\r\n\t\t  \t\t\t<div class=\"bdt-wc-product-inner\">\r\n\r\n                        \r\n\t\t               \t\t<div class=\"bdt-wc-product-image bdt-position-relative bdt-background-cover\">\r\n\t\t\t<a href=\"https:\/\/videle.com.mx\/?product=arracadas-cuadradas\">\r\n\t\t\t\t<img decoding=\"async\" src=\"https:\/\/videle.com.mx\/wp-content\/uploads\/2022\/09\/ARRACADAS-FRENTE-600x600.jpg\" alt=\"Arracadas Cuadradas\">\r\n\t\t\t<\/a>\r\n\r\n        \t            \t<div class=\"bdt-wc-add-to-cart \">\r\n\t\t\t\t\t<a href=\"?add-to-cart=1075\" data-quantity=\"1\" class=\"la-addcart button wp-element-button product_type_simple add_to_cart_button ajax_add_to_cart\" data-product_id=\"1075\" data-product_sku=\"A07\" aria-label=\"A\u00f1ade &ldquo;Arracadas Cuadradas&rdquo; a tu carrito\" rel=\"nofollow\" data-product_title=\"Arracadas Cuadradas\" title=\"A\u00f1adir al carrito\"><span class=\"labtn-icon labtn-icon-cart\"><\/span><span class=\"labtn-text\" title=\"A\u00f1adir al carrito\">A\u00f1adir al carrito<\/span><\/a>\t\t\t\t<\/div>\r\n\t\t\t\t\t<\/div>\r\n\t\t\r\n\t\t\t\t\t   \r\n\t           \t\t\t<div class=\"bdt-wc-product-desc\">\r\n\t\t               \t\t\t\t\t           \t\t\t<h2 class=\"bdt-wc-product-title\">\r\n\t\t\t           \t\t\t\t<a href=\"https:\/\/videle.com.mx\/?product=arracadas-cuadradas\" class=\"bdt-link-reset\">\r\n\t\t\t\t\t\t               Arracadas Cuadradas\t\t\t\t\t\t           <\/a>\r\n\t\t\t\t               <\/h2>\r\n\t\t\t\t            \r\n\t\t           \t\t\t\t\t\t               \t\t\t\t\t\t           \t\t\t<span class=\"bdt-wc-product-price\">\r\n\t\t\t\t\t\t\t\t\t\t<div class=\"single-price-wrapper\"><p class=\"price\"><span class=\"woocommerce-Price-amount amount\"><bdi><span class=\"woocommerce-Price-currencySymbol\">&#36;<\/span>450.00<\/bdi><\/span><\/p><\/div>\t\t\t\t\t\t\t\t\t<\/span>\r\n\t\t\t\t\t            \t\t\t\t\t\t               \r\n\t\t\t\t               \t\t                \t\t\t\t\t\t\t<\/div>\r\n\r\n\t\t\t\t\t<\/div>\r\n\t\t\t\t<\/div>\r\n\t\t\t\t\t\t\t\r\n\t\t\t\t\r\n\t\t  \t\t<div class=\"bdt-wc-product\">\r\n\t\t  \t\t\t<div class=\"bdt-wc-product-inner\">\r\n\r\n                        \r\n\t\t               \t\t<div class=\"bdt-wc-product-image bdt-position-relative bdt-background-cover\">\r\n\t\t\t<a href=\"https:\/\/videle.com.mx\/?product=aretes-enlazados\">\r\n\t\t\t\t<img decoding=\"async\" src=\"https:\/\/videle.com.mx\/wp-content\/uploads\/2022\/09\/ARETES-ENLAZADOS-FRENTE-600x600.jpg\" alt=\"Aretes Enlazados\">\r\n\t\t\t<\/a>\r\n\r\n        \t            \t<div class=\"bdt-wc-add-to-cart \">\r\n\t\t\t\t\t<a href=\"?add-to-cart=1070\" data-quantity=\"1\" class=\"la-addcart button wp-element-button product_type_simple add_to_cart_button ajax_add_to_cart\" data-product_id=\"1070\" data-product_sku=\"A06\" aria-label=\"A\u00f1ade &ldquo;Aretes Enlazados&rdquo; a tu carrito\" rel=\"nofollow\" data-product_title=\"Aretes Enlazados\" title=\"A\u00f1adir al carrito\"><span class=\"labtn-icon labtn-icon-cart\"><\/span><span class=\"labtn-text\" title=\"A\u00f1adir al carrito\">A\u00f1adir al carrito<\/span><\/a>\t\t\t\t<\/div>\r\n\t\t\t\t\t<\/div>\r\n\t\t\r\n\t\t\t\t\t   \r\n\t           \t\t\t<div class=\"bdt-wc-product-desc\">\r\n\t\t               \t\t\t\t\t           \t\t\t<h2 class=\"bdt-wc-product-title\">\r\n\t\t\t           \t\t\t\t<a href=\"https:\/\/videle.com.mx\/?product=aretes-enlazados\" class=\"bdt-link-reset\">\r\n\t\t\t\t\t\t               Aretes Enlazados\t\t\t\t\t\t           <\/a>\r\n\t\t\t\t               <\/h2>\r\n\t\t\t\t            \r\n\t\t           \t\t\t\t\t\t               \t\t\t\t\t\t           \t\t\t<span class=\"bdt-wc-product-price\">\r\n\t\t\t\t\t\t\t\t\t\t<div class=\"single-price-wrapper\"><p class=\"price\"><span class=\"woocommerce-Price-amount amount\"><bdi><span class=\"woocommerce-Price-currencySymbol\">&#36;<\/span>600.00<\/bdi><\/span><\/p><\/div>\t\t\t\t\t\t\t\t\t<\/span>\r\n\t\t\t\t\t            \t\t\t\t\t\t               \r\n\t\t\t\t               \t\t                \t\t\t\t\t\t\t<\/div>\r\n\r\n\t\t\t\t\t<\/div>\r\n\t\t\t\t<\/div>\r\n\t\t\t\t\t\t\t\r\n\t\t\t\t\r\n\t\t  \t\t<div class=\"bdt-wc-product\">\r\n\t\t  \t\t\t<div class=\"bdt-wc-product-inner\">\r\n\r\n                        \r\n\t\t               \t\t<div class=\"bdt-wc-product-image bdt-position-relative bdt-background-cover\">\r\n\t\t\t<a href=\"https:\/\/videle.com.mx\/?product=coqueta-colgante\">\r\n\t\t\t\t<img decoding=\"async\" src=\"https:\/\/videle.com.mx\/wp-content\/uploads\/2022\/09\/FENTE-600x600.jpg\" alt=\"Coqueta Colgante\">\r\n\t\t\t<\/a>\r\n\r\n        \t            \t<div class=\"bdt-wc-add-to-cart \">\r\n\t\t\t\t\t<a href=\"?add-to-cart=1068\" data-quantity=\"1\" class=\"la-addcart button wp-element-button product_type_simple add_to_cart_button ajax_add_to_cart\" data-product_id=\"1068\" data-product_sku=\"A08\" aria-label=\"A\u00f1ade &ldquo;Coqueta Colgante&rdquo; a tu carrito\" rel=\"nofollow\" data-product_title=\"Coqueta Colgante\" title=\"A\u00f1adir al carrito\"><span class=\"labtn-icon labtn-icon-cart\"><\/span><span class=\"labtn-text\" title=\"A\u00f1adir al carrito\">A\u00f1adir al carrito<\/span><\/a>\t\t\t\t<\/div>\r\n\t\t\t\t\t<\/div>\r\n\t\t\r\n\t\t\t\t\t   \r\n\t           \t\t\t<div class=\"bdt-wc-product-desc\">\r\n\t\t               \t\t\t\t\t           \t\t\t<h2 class=\"bdt-wc-product-title\">\r\n\t\t\t           \t\t\t\t<a href=\"https:\/\/videle.com.mx\/?product=coqueta-colgante\" class=\"bdt-link-reset\">\r\n\t\t\t\t\t\t               Coqueta Colgante\t\t\t\t\t\t           <\/a>\r\n\t\t\t\t               <\/h2>\r\n\t\t\t\t            \r\n\t\t           \t\t\t\t\t\t               \t\t\t\t\t\t           \t\t\t<span class=\"bdt-wc-product-price\">\r\n\t\t\t\t\t\t\t\t\t\t<div class=\"single-price-wrapper\"><p class=\"price\"><span class=\"woocommerce-Price-amount amount\"><bdi><span class=\"woocommerce-Price-currencySymbol\">&#36;<\/span>350.00<\/bdi><\/span><\/p><\/div>\t\t\t\t\t\t\t\t\t<\/span>\r\n\t\t\t\t\t            \t\t\t\t\t\t               \r\n\t\t\t\t               \t\t                \t\t\t\t\t\t\t<\/div>\r\n\r\n\t\t\t\t\t<\/div>\r\n\t\t\t\t<\/div>\r\n\t\t\t\t\t\t\t\r\n\t\t\t\t\r\n\t\t  \t\t<div class=\"bdt-wc-product\">\r\n\t\t  \t\t\t<div class=\"bdt-wc-product-inner\">\r\n\r\n                        \r\n\t\t               \t\t<div class=\"bdt-wc-product-image bdt-position-relative bdt-background-cover\">\r\n\t\t\t<a href=\"https:\/\/videle.com.mx\/?product=arete-espiral\">\r\n\t\t\t\t<img decoding=\"async\" src=\"https:\/\/videle.com.mx\/wp-content\/uploads\/2022\/09\/ESPIRAL-FRENTE-600x600.jpg\" alt=\"Arete Espiral\">\r\n\t\t\t<\/a>\r\n\r\n        \t            \t<div class=\"bdt-wc-add-to-cart \">\r\n\t\t\t\t\t<a href=\"?add-to-cart=1056\" data-quantity=\"1\" class=\"la-addcart button wp-element-button product_type_simple add_to_cart_button ajax_add_to_cart\" data-product_id=\"1056\" data-product_sku=\"A05\" aria-label=\"A\u00f1ade &ldquo;Arete Espiral&rdquo; a tu carrito\" rel=\"nofollow\" data-product_title=\"Arete Espiral\" title=\"A\u00f1adir al carrito\"><span class=\"labtn-icon labtn-icon-cart\"><\/span><span class=\"labtn-text\" title=\"A\u00f1adir al carrito\">A\u00f1adir al carrito<\/span><\/a>\t\t\t\t<\/div>\r\n\t\t\t\t\t<\/div>\r\n\t\t\r\n\t\t\t\t\t   \r\n\t           \t\t\t<div class=\"bdt-wc-product-desc\">\r\n\t\t               \t\t\t\t\t           \t\t\t<h2 class=\"bdt-wc-product-title\">\r\n\t\t\t           \t\t\t\t<a href=\"https:\/\/videle.com.mx\/?product=arete-espiral\" class=\"bdt-link-reset\">\r\n\t\t\t\t\t\t               Arete Espiral\t\t\t\t\t\t           <\/a>\r\n\t\t\t\t               <\/h2>\r\n\t\t\t\t            \r\n\t\t           \t\t\t\t\t\t               \t\t\t\t\t\t           \t\t\t<span class=\"bdt-wc-product-price\">\r\n\t\t\t\t\t\t\t\t\t\t<div class=\"single-price-wrapper\"><p class=\"price\"><span class=\"woocommerce-Price-amount amount\"><bdi><span class=\"woocommerce-Price-currencySymbol\">&#36;<\/span>300.00<\/bdi><\/span><\/p><\/div>\t\t\t\t\t\t\t\t\t<\/span>\r\n\t\t\t\t\t            \t\t\t\t\t\t               \r\n\t\t\t\t               \t\t                \t\t\t\t\t\t\t<\/div>\r\n\r\n\t\t\t\t\t<\/div>\r\n\t\t\t\t<\/div>\r\n\t\t\t\t\t\t\t\r\n\t\t\t\t\r\n\t\t  \t\t<div class=\"bdt-wc-product\">\r\n\t\t  \t\t\t<div class=\"bdt-wc-product-inner\">\r\n\r\n                        \r\n\t\t               \t\t<div class=\"bdt-wc-product-image bdt-position-relative bdt-background-cover\">\r\n\t\t\t<a href=\"https:\/\/videle.com.mx\/?product=1054\">\r\n\t\t\t\t<img decoding=\"async\" src=\"https:\/\/videle.com.mx\/wp-content\/uploads\/2022\/09\/frente-lunetas-600x600.jpg\" alt=\"Aretes Luneta\">\r\n\t\t\t<\/a>\r\n\r\n        \t            \t<div class=\"bdt-wc-add-to-cart \">\r\n\t\t\t\t\t<a href=\"?add-to-cart=1054\" data-quantity=\"1\" class=\"la-addcart button wp-element-button product_type_simple add_to_cart_button ajax_add_to_cart\" data-product_id=\"1054\" data-product_sku=\"A04\" aria-label=\"A\u00f1ade &ldquo;Aretes Luneta&rdquo; a tu carrito\" rel=\"nofollow\" data-product_title=\"Aretes Luneta\" title=\"A\u00f1adir al carrito\"><span class=\"labtn-icon labtn-icon-cart\"><\/span><span class=\"labtn-text\" title=\"A\u00f1adir al carrito\">A\u00f1adir al carrito<\/span><\/a>\t\t\t\t<\/div>\r\n\t\t\t\t\t<\/div>\r\n\t\t\r\n\t\t\t\t\t   \r\n\t           \t\t\t<div class=\"bdt-wc-product-desc\">\r\n\t\t               \t\t\t\t\t           \t\t\t<h2 class=\"bdt-wc-product-title\">\r\n\t\t\t           \t\t\t\t<a href=\"https:\/\/videle.com.mx\/?product=1054\" class=\"bdt-link-reset\">\r\n\t\t\t\t\t\t               Aretes Luneta\t\t\t\t\t\t           <\/a>\r\n\t\t\t\t               <\/h2>\r\n\t\t\t\t            \r\n\t\t           \t\t\t\t\t\t               \t\t\t\t\t\t           \t\t\t<span class=\"bdt-wc-product-price\">\r\n\t\t\t\t\t\t\t\t\t\t<div class=\"single-price-wrapper\"><p class=\"price\"><span class=\"woocommerce-Price-amount amount\"><bdi><span class=\"woocommerce-Price-currencySymbol\">&#36;<\/span>430.00<\/bdi><\/span><\/p><\/div>\t\t\t\t\t\t\t\t\t<\/span>\r\n\t\t\t\t\t            \t\t\t\t\t\t               \r\n\t\t\t\t               \t\t                \t\t\t\t\t\t\t<\/div>\r\n\r\n\t\t\t\t\t<\/div>\r\n\t\t\t\t<\/div>\r\n\t\t\t\t\t\t\t\r\n\t\t\t\t\r\n\t\t  \t\t<div class=\"bdt-wc-product\">\r\n\t\t  \t\t\t<div class=\"bdt-wc-product-inner\">\r\n\r\n                        \r\n\t\t               \t\t<div class=\"bdt-wc-product-image bdt-position-relative bdt-background-cover\">\r\n\t\t\t<a href=\"https:\/\/videle.com.mx\/?product=aretes-gota\">\r\n\t\t\t\t<img decoding=\"async\" src=\"https:\/\/videle.com.mx\/wp-content\/uploads\/2022\/09\/gotas-frente-600x600.jpg\" alt=\"Aretes Gota\">\r\n\t\t\t<\/a>\r\n\r\n        \t            \t<div class=\"bdt-wc-add-to-cart \">\r\n\t\t\t\t\t<a href=\"?add-to-cart=1048\" data-quantity=\"1\" class=\"la-addcart button wp-element-button product_type_simple add_to_cart_button ajax_add_to_cart\" data-product_id=\"1048\" data-product_sku=\"A03\" aria-label=\"A\u00f1ade &ldquo;Aretes Gota&rdquo; a tu carrito\" rel=\"nofollow\" data-product_title=\"Aretes Gota\" title=\"A\u00f1adir al carrito\"><span class=\"labtn-icon labtn-icon-cart\"><\/span><span class=\"labtn-text\" title=\"A\u00f1adir al carrito\">A\u00f1adir al carrito<\/span><\/a>\t\t\t\t<\/div>\r\n\t\t\t\t\t<\/div>\r\n\t\t\r\n\t\t\t\t\t   \r\n\t           \t\t\t<div class=\"bdt-wc-product-desc\">\r\n\t\t               \t\t\t\t\t           \t\t\t<h2 class=\"bdt-wc-product-title\">\r\n\t\t\t           \t\t\t\t<a href=\"https:\/\/videle.com.mx\/?product=aretes-gota\" class=\"bdt-link-reset\">\r\n\t\t\t\t\t\t               Aretes Gota\t\t\t\t\t\t           <\/a>\r\n\t\t\t\t               <\/h2>\r\n\t\t\t\t            \r\n\t\t           \t\t\t\t\t\t               \t\t\t\t\t\t           \t\t\t<span class=\"bdt-wc-product-price\">\r\n\t\t\t\t\t\t\t\t\t\t<div class=\"single-price-wrapper\"><p class=\"price\"><span class=\"woocommerce-Price-amount amount\"><bdi><span class=\"woocommerce-Price-currencySymbol\">&#36;<\/span>400.00<\/bdi><\/span><\/p><\/div>\t\t\t\t\t\t\t\t\t<\/span>\r\n\t\t\t\t\t            \t\t\t\t\t\t               \r\n\t\t\t\t               \t\t                \t\t\t\t\t\t\t<\/div>\r\n\r\n\t\t\t\t\t<\/div>\r\n\t\t\t\t<\/div>\r\n\t\t\t\t\t\t\t\r\n\t\t\t\t\r\n\t\t  \t\t<div class=\"bdt-wc-product\">\r\n\t\t  \t\t\t<div class=\"bdt-wc-product-inner\">\r\n\r\n                        \r\n\t\t               \t\t<div class=\"bdt-wc-product-image bdt-position-relative bdt-background-cover\">\r\n\t\t\t<a href=\"https:\/\/videle.com.mx\/?product=aretes-espejo\">\r\n\t\t\t\t<img decoding=\"async\" src=\"https:\/\/videle.com.mx\/wp-content\/uploads\/2022\/09\/frente-3-600x600.jpg\" alt=\"Aretes Espejo\">\r\n\t\t\t<\/a>\r\n\r\n        \t            \t<div class=\"bdt-wc-add-to-cart \">\r\n\t\t\t\t\t<a href=\"?add-to-cart=1037\" data-quantity=\"1\" class=\"la-addcart button wp-element-button product_type_simple add_to_cart_button ajax_add_to_cart\" data-product_id=\"1037\" data-product_sku=\"A02\" aria-label=\"A\u00f1ade &ldquo;Aretes Espejo&rdquo; a tu carrito\" rel=\"nofollow\" data-product_title=\"Aretes Espejo\" title=\"A\u00f1adir al carrito\"><span class=\"labtn-icon labtn-icon-cart\"><\/span><span class=\"labtn-text\" title=\"A\u00f1adir al carrito\">A\u00f1adir al carrito<\/span><\/a>\t\t\t\t<\/div>\r\n\t\t\t\t\t<\/div>\r\n\t\t\r\n\t\t\t\t\t   \r\n\t           \t\t\t<div class=\"bdt-wc-product-desc\">\r\n\t\t               \t\t\t\t\t           \t\t\t<h2 class=\"bdt-wc-product-title\">\r\n\t\t\t           \t\t\t\t<a href=\"https:\/\/videle.com.mx\/?product=aretes-espejo\" class=\"bdt-link-reset\">\r\n\t\t\t\t\t\t               Aretes Espejo\t\t\t\t\t\t           <\/a>\r\n\t\t\t\t               <\/h2>\r\n\t\t\t\t            \r\n\t\t           \t\t\t\t\t\t               \t\t\t\t\t\t           \t\t\t<span class=\"bdt-wc-product-price\">\r\n\t\t\t\t\t\t\t\t\t\t<div class=\"single-price-wrapper\"><p class=\"price\"><span class=\"woocommerce-Price-amount amount\"><bdi><span class=\"woocommerce-Price-currencySymbol\">&#36;<\/span>550.00<\/bdi><\/span><\/p><\/div>\t\t\t\t\t\t\t\t\t<\/span>\r\n\t\t\t\t\t            \t\t\t\t\t\t               \r\n\t\t\t\t               \t\t                \t\t\t\t\t\t\t<\/div>\r\n\r\n\t\t\t\t\t<\/div>\r\n\t\t\t\t<\/div>\r\n\t\t\t\t\t\t\t\r\n\t\t\t\t\r\n\t\t  \t\t<div class=\"bdt-wc-product\">\r\n\t\t  \t\t\t<div class=\"bdt-wc-product-inner\">\r\n\r\n                        \r\n\t\t               \t\t<div class=\"bdt-wc-product-image bdt-position-relative bdt-background-cover\">\r\n\t\t\t<a href=\"https:\/\/videle.com.mx\/?product=arete-piramidal\">\r\n\t\t\t\t<img decoding=\"async\" src=\"https:\/\/videle.com.mx\/wp-content\/uploads\/2022\/09\/piramide-frente-600x600.jpg\" alt=\"Arete Piramidal\">\r\n\t\t\t<\/a>\r\n\r\n        \t            \t<div class=\"bdt-wc-add-to-cart \">\r\n\t\t\t\t\t<a href=\"?add-to-cart=1035\" data-quantity=\"1\" class=\"la-addcart button wp-element-button product_type_simple add_to_cart_button ajax_add_to_cart\" data-product_id=\"1035\" data-product_sku=\"A01\" aria-label=\"A\u00f1ade &ldquo;Arete Piramidal&rdquo; a tu carrito\" rel=\"nofollow\" data-product_title=\"Arete Piramidal\" title=\"A\u00f1adir al carrito\"><span class=\"labtn-icon labtn-icon-cart\"><\/span><span class=\"labtn-text\" title=\"A\u00f1adir al carrito\">A\u00f1adir al carrito<\/span><\/a>\t\t\t\t<\/div>\r\n\t\t\t\t\t<\/div>\r\n\t\t\r\n\t\t\t\t\t   \r\n\t           \t\t\t<div class=\"bdt-wc-product-desc\">\r\n\t\t               \t\t\t\t\t           \t\t\t<h2 class=\"bdt-wc-product-title\">\r\n\t\t\t           \t\t\t\t<a href=\"https:\/\/videle.com.mx\/?product=arete-piramidal\" class=\"bdt-link-reset\">\r\n\t\t\t\t\t\t               Arete Piramidal\t\t\t\t\t\t           <\/a>\r\n\t\t\t\t               <\/h2>\r\n\t\t\t\t            \r\n\t\t           \t\t\t\t\t\t               \t\t\t\t\t\t           \t\t\t<span class=\"bdt-wc-product-price\">\r\n\t\t\t\t\t\t\t\t\t\t<div class=\"single-price-wrapper\"><p class=\"price\"><span class=\"woocommerce-Price-amount amount\"><bdi><span class=\"woocommerce-Price-currencySymbol\">&#36;<\/span>300.00<\/bdi><\/span><\/p><\/div>\t\t\t\t\t\t\t\t\t<\/span>\r\n\t\t\t\t\t            \t\t\t\t\t\t               \r\n\t\t\t\t               \t\t                \t\t\t\t\t\t\t<\/div>\r\n\r\n\t\t\t\t\t<\/div>\r\n\t\t\t\t<\/div>\r\n\t\t\t\t\t\t\t\r\n\t\t\t\t\r\n\t\t  \t\t<div class=\"bdt-wc-product\">\r\n\t\t  \t\t\t<div class=\"bdt-wc-product-inner\">\r\n\r\n                                                    <div class=\"bdt-badge bdt-position-top-left bdt-position-small\">\r\n                                                                <span class=\"bdt-onsale\">Sold Out!<\/span>                            <\/div>\r\n                        \r\n\t\t               \t\t<div class=\"bdt-wc-product-image bdt-position-relative bdt-background-cover\">\r\n\t\t\t<a href=\"https:\/\/videle.com.mx\/?product=pescados\">\r\n\t\t\t\t<img decoding=\"async\" src=\"https:\/\/videle.com.mx\/wp-content\/uploads\/2020\/11\/pescado-frente-600x600.jpg\" alt=\"Pescados\">\r\n\t\t\t<\/a>\r\n\r\n        \t            \t<div class=\"bdt-wc-add-to-cart \">\r\n\t\t\t\t\t<a href=\"https:\/\/videle.com.mx\/?product=pescados\" data-quantity=\"1\" class=\"la-addcart button wp-element-button product_type_simple add_to_cart_button\" data-product_id=\"428\" data-product_sku=\"AP01\" aria-label=\"Lee m\u00e1s sobre &ldquo;Pescados&rdquo;\" rel=\"nofollow\" data-product_title=\"Pescados\" title=\"Leer m\u00e1s\"><span class=\"labtn-icon labtn-icon-cart\"><\/span><span class=\"labtn-text\" title=\"Leer m\u00e1s\">Leer m\u00e1s<\/span><\/a>\t\t\t\t<\/div>\r\n\t\t\t\t\t<\/div>\r\n\t\t\r\n\t\t\t\t\t   \r\n\t           \t\t\t<div class=\"bdt-wc-product-desc\">\r\n\t\t               \t\t\t\t\t           \t\t\t<h2 class=\"bdt-wc-product-title\">\r\n\t\t\t           \t\t\t\t<a href=\"https:\/\/videle.com.mx\/?product=pescados\" class=\"bdt-link-reset\">\r\n\t\t\t\t\t\t               Pescados\t\t\t\t\t\t           <\/a>\r\n\t\t\t\t               <\/h2>\r\n\t\t\t\t            \r\n\t\t           \t\t\t\t\t\t               \t\t\t\t\t\t           \t\t\t<span class=\"bdt-wc-product-price\">\r\n\t\t\t\t\t\t\t\t\t\t<div class=\"single-price-wrapper\"><p class=\"price\"><span class=\"woocommerce-Price-amount amount\"><bdi><span class=\"woocommerce-Price-currencySymbol\">&#36;<\/span>620.00<\/bdi><\/span><\/p><\/div>\t\t\t\t\t\t\t\t\t<\/span>\r\n\t\t\t\t\t            \t\t\t\t\t\t               \r\n\t\t\t\t               \t\t                \t\t\t\t\t\t\t<\/div>\r\n\r\n\t\t\t\t\t<\/div>\r\n\t\t\t\t<\/div>\r\n\t\t\t\t\t\t<\/div>\r\n\t\t\t\t\t\t\t<div class=\"ep-pagination\">\r\n\t\t\t\t\t<ul class=\"bdt-pagination bdt-flex-center\">\n<li class=\"bdt-active\"><a href=\"https:\/\/videle.com.mx\/index.php?rest_route=%2Fwp%2Fv2%2Fpages%2F470\">1<\/a><\/li>\n<\/ul>\n\t\t\t\t<\/div>\r\n\t\t\t\t        \r\n\t\t<\/div>\r\n\t\t\t\t<\/div>\n\t\t\t\t<\/div>\n\t\t\t\t\t\t<\/div>\n\t\t\t\t\t<\/div>\n\t\t<\/div>\n\t\t\t\t\t\t\t\t<\/div>\n\t\t\t\t\t<\/div>\n\t\t<\/div>\n\t\t\t\t\t\t\t\t\t<\/div>\n\t\t\t<\/div>\n\t\t\t\t\t<\/div>\n\t\t","protected":false},"excerpt":{"rendered":"<p>ARETES A\u00f1adir al carrito Arracadas Cuadradas $350.00 A\u00f1adir al carrito Aretes Enlazados $600.00 A\u00f1adir al carrito Coqueta Colgante $250.00 A\u00f1adir al carrito Arete Espiral $200.00 A\u00f1adir al carrito Aretes Luneta $330.00 A\u00f1adir al carrito Aretes Gota $397.00 [&hellip;]<\/p>\n","protected":false},"author":1,"featured_media":0,"parent":0,"menu_order":0,"comment_status":"closed","ping_status":"closed","template":"elementor_header_footer","meta":[],"_links":{"self":[{"href":"https:\/\/videle.com.mx\/index.php?rest_route=\/wp\/v2\/pages\/470"}],"collection":[{"href":"https:\/\/videle.com.mx\/index.php?rest_route=\/wp\/v2\/pages"}],"about":[{"href":"https:\/\/videle.com.mx\/index.php?rest_route=\/wp\/v2\/types\/page"}],"author":[{"embeddable":true,"href":"https:\/\/videle.com.mx\/index.php?rest_route=\/wp\/v2\/users\/1"}],"replies":[{"embeddable":true,"href":"https:\/\/videle.com.mx\/index.php?rest_route=%2Fwp%2Fv2%2Fcomments&post=470"}],"version-history":[{"count":150,"href":"https:\/\/videle.com.mx\/index.php?rest_route=\/wp\/v2\/pages\/470\/revisions"}],"predecessor-version":[{"id":5481,"href":"https:\/\/videle.com.mx\/index.php?rest_route=\/wp\/v2\/pages\/470\/revisions\/5481"}],"wp:attachment":[{"href":"https:\/\/videle.com.mx\/index.php?rest_route=%2Fwp%2Fv2%2Fmedia&parent=470"}],"curies":[{"name":"wp","href":"https:\/\/api.w.org\/{rel}","templated":true}]}}